{"id":1109,"date":"2022-04-17T17:53:30","date_gmt":"2022-04-17T14:53:30","guid":{"rendered":"https:\/\/www.feeltennisacademy.com\/?page_id=1109"},"modified":"2022-05-11T01:38:25","modified_gmt":"2022-05-10T22:38:25","slug":"yaz-spor-kampi","status":"publish","type":"page","link":"https:\/\/www.feeltennisacademy.com\/?page_id=1109","title":{"rendered":"YAZ SPOR KAMPI"},"content":{"rendered":"<p>[vc_row full_width=&#8221;stretch_row&#8221; css=&#8221;.vc_custom_1643889057554{background-color: #0c1a23 !important;}&#8221;][vc_column width=&#8221;1\/2&#8243;][vc_empty_space height=&#8221;100px&#8221;][vc_single_image image=&#8221;1141&#8243; img_size=&#8221;full&#8221; alignment=&#8221;center&#8221;][vc_empty_space height=&#8221;100px&#8221;][\/vc_column][vc_column width=&#8221;1\/2&#8243;][vc_empty_space height=&#8221;100px&#8221;][vc_column_text]<\/p>\n<h1><strong><span style=\"color: #ffffff;\">YAZ SPOR KAMPI<\/span> <\/strong><\/h1>\n<p><span style=\"color: #ffffff;\">6-18 ya\u015f grubu \u00e7ocuklar\u0131m\u0131z i\u00e7in haz\u0131rlad\u0131\u011f\u0131m\u0131z yaz kamp\u0131 program\u0131m\u0131z, e\u011flendirerek \u00f6\u011fretiyor.<\/span><\/p>\n<p><span style=\"color: #ffffff;\">Bu kampta e\u011flence, spor, geli\u015fim, do\u011fa ve daha bir\u00e7ok aktivite var. Ekibimiz ve alan\u0131nda uzman e\u011fitmenlerimiz, \u00e7ocuklar\u0131n potansiyellerini ke\u015ffetmelerini sa\u011flayarak, aktivitelerden en iyi verimi almalar\u0131na olanak tan\u0131yaca\u011f\u0131m\u0131z e\u011fitim ve e\u011flence kamp\u0131d\u0131r.<\/span><\/p>\n<p><span style=\"color: #ffffff;\">Ba\u015far\u0131l\u0131 olan \u00e7ocuklar, e\u011fitmenlerimiz g\u00f6zetiminde altyap\u0131ya ge\u00e7i\u015f yapmaktad\u0131r.<\/span>[\/vc_column_text][vc_empty_space height=&#8221;12px&#8221;][vc_btn title=&#8221;\u0130LET\u0130\u015e\u0130ME GE\u00c7&#8221; color=&#8221;green&#8221; align=&#8221;left&#8221; link=&#8221;url:https%3A%2F%2Fapi.whatsapp.com%2Fsend%2F%3Fphone%3D905426313474%26text%26app_absent%3D0|target:_blank&#8221;][vc_empty_space height=&#8221;100px&#8221;][\/vc_column][\/vc_row]<\/p>","protected":false},"excerpt":{"rendered":"<p>[vc_row full_width=&#8221;stretch_row&#8221; css=&#8221;.vc_custom_1643889057554{background-color: #0c1a23 !important;}&#8221;][vc_column width=&#8221;1\/2&#8243;][vc_empty_space height=&#8221;100px&#8221;][vc_single_image image=&#8221;1141&#8243; img_size=&#8221;full&#8221; alignment=&#8221;center&#8221;][vc_empty_space height=&#8221;100px&#8221;][\/vc_column][vc_column width=&#8221;1\/2&#8243;][vc_empty_space height=&#8221;100px&#8221;][vc_column_text] YAZ SPOR KAMPI 6-18 ya\u015f grubu \u00e7ocuklar\u0131m\u0131z i\u00e7in haz\u0131rlad\u0131\u011f\u0131m\u0131z yaz kamp\u0131 program\u0131m\u0131z, e\u011flendirerek \u00f6\u011fretiyor. Bu kampta e\u011flence, spor, geli\u015fim, do\u011fa ve daha bir\u00e7ok aktivite var. Ekibimiz ve&#8230;<\/p>\n","protected":false},"author":1,"featured_media":0,"parent":0,"menu_order":0,"comment_status":"closed","ping_status":"closed","template":"","meta":{"footnotes":""},"class_list":["post-1109","page","type-page","status-publish","hentry"],"_links":{"self":[{"href":"https:\/\/www.feeltennisacademy.com\/index.php?rest_route=\/wp\/v2\/pages\/1109","targetHints":{"allow":["GET"]}}],"collection":[{"href":"https:\/\/www.feeltennisacademy.com\/index.php?rest_route=\/wp\/v2\/pages"}],"about":[{"href":"https:\/\/www.feeltennisacademy.com\/index.php?rest_route=\/wp\/v2\/types\/page"}],"author":[{"embeddable":true,"href":"https:\/\/www.feeltennisacademy.com\/index.php?rest_route=\/wp\/v2\/users\/1"}],"replies":[{"embeddable":true,"href":"https:\/\/www.feeltennisacademy.com\/index.php?rest_route=%2Fwp%2Fv2%2Fcomments&post=1109"}],"version-history":[{"count":6,"href":"https:\/\/www.feeltennisacademy.com\/index.php?rest_route=\/wp\/v2\/pages\/1109\/revisions"}],"predecessor-version":[{"id":1247,"href":"https:\/\/www.feeltennisacademy.com\/index.php?rest_route=\/wp\/v2\/pages\/1109\/revisions\/1247"}],"wp:attachment":[{"href":"https:\/\/www.feeltennisacademy.com\/index.php?rest_route=%2Fwp%2Fv2%2Fmedia&parent=1109"}],"curies":[{"name":"wp","href":"https:\/\/api.w.org\/{rel}","templated":true}]}}

<p>[vc_row full_width=&#8221;stretch_row&#8221; css=&#8221;.vc_custom_1643889057554{background-color: #0c1a23 !important;}&#8221;][vc_column width=&#8221;1/2&#8243;][vc_empty_space height=&#8221;100px&#8221;][vc_single_image image=&#8221;1141&#8243; img_size=&#8221;full&#8221; alignment=&#8221;center&#8221;][vc_empty_space height=&#8221;100px&#8221;][/vc_column][vc_column width=&#8221;1/2&#8243;][vc_empty_space height=&#8221;100px&#8221;][vc_column_text]</p>
<h1><strong><span style="color: #ffffff;">YAZ SPOR KAMPI</span> </strong></h1>
<p><span style="color: #ffffff;">6-18 yaş grubu çocuklarımız için hazırladığımız yaz kampı programımız, eğlendirerek öğretiyor.</span></p>
<p><span style="color: #ffffff;">Bu kampta eğlence, spor, gelişim, doğa ve daha birçok aktivite var. Ekibimiz ve alanında uzman eğitmenlerimiz, çocukların potansiyellerini keşfetmelerini sağlayarak, aktivitelerden en iyi verimi almalarına olanak tanıyacağımız eğitim ve eğlence kampıdır.</span></p>
<p><span style="color: #ffffff;">Başarılı olan çocuklar, eğitmenlerimiz gözetiminde altyapıya geçiş yapmaktadır.</span>[/vc_column_text][vc_empty_space height=&#8221;12px&#8221;][vc_btn title=&#8221;İLETİŞİME GEÇ&#8221; color=&#8221;green&#8221; align=&#8221;left&#8221; link=&#8221;url:https%3A%2F%2Fapi.whatsapp.com%2Fsend%2F%3Fphone%3D905426313474%26text%26app_absent%3D0|target:_blank&#8221;][vc_empty_space height=&#8221;100px&#8221;][/vc_column][/vc_row]</p>

<p>[vc_row full_width=&#8221;stretch_row&#8221; css=&#8221;.vc_custom_1643889057554{background-color: #0c1a23 !important;}&#8221;][vc_column width=&#8221;1/2&#8243;][vc_empty_space height=&#8221;100px&#8221;][vc_single_image image=&#8221;1141&#8243; img_size=&#8221;full&#8221; alignment=&#8221;center&#8221;][vc_empty_space height=&#8221;100px&#8221;][/vc_column][vc_column width=&#8221;1/2&#8243;][vc_empty_space height=&#8221;100px&#8221;][vc_column_text] YAZ SPOR KAMPI 6-18 yaş grubu çocuklarımız için hazırladığımız yaz kampı programımız, eğlendirerek öğretiyor. Bu kampta eğlence, spor, gelişim, doğa ve daha birçok aktivite var. Ekibimiz ve&#8230;</p>
